t j(t) = t**3 + 11*t**2 - 11*t + 8. Suppose -36 - 4 = 4*h + 4*f, -f = -5*h - 62. Let y be j(h). Calculate q(y).
-5
Let z(b) be the first derivative of -b**4/4 - 5*b**3/3 + b**2/2 + 3. Let p(f) = -17*f**3 + f**2 + 4*f + 2. Let y be p(-1). Suppose -4 = y*s + 44. What is z(s)?
-21
Suppose -3 = a - 1. Let o(q) be the second derivative of 103*q - 1/3*q**3 + 0*q**4 + 0 + 0*q**2 - 1/20*q**5. Determine o(a).
12
Let i(g) be the first derivative of g**3 - 17*g**2/2 + 2*g + 1405. Determine i(6).
8
Let f(p) be the third derivative of -13*p**4/24 + 111*p**3/2 + 7478*p**2. Calculate f(26).
-5
Let l(x) be the third derivative of 11*x**5/10 + x**4/12 + x**3/6 - 1617*x**2. What is l(-1)?
65
Let f(r) = -3*r**3 + 9*r**2 - 2*r - 3. Let d(o) = 7*o**3 - 22*o**2 + 4*o + 7. Let b(k) = 2*d(k) + 5*f(k). Let h be (-48)/32 + (-1)/2. Determine b(h).
15
Let p be (31/(-2))/((-5)/(-10)) - 2. Let r be -1 - (-2 - p - -4). Let s be r/27*2/(-8)*-18. Let m(q) = -q**2 - 6*q - 8. Give m(s).
-8
Let r(d) = -d**2 + 3*d + 3. Suppose 5*y - 312 = 4*z, -2*y + 16 = -z - 65. Let x = z - -77. Suppose -32 = -x*i + 3*o, 0 = 4*o + 15 + 1. What is r(i)?
-7
Suppose 4*u + u + 25*u = 180. Let x(f) be the second derivative of -f**5/20 + 5*f**4/12 + f**3/6 + 7*f**2/2 - f. What is x(u)?
-23
Let s(l) = 3*l + 1 + 0 - l**3 + 4*l**2 - 5*l. Suppose 4*n + 6 = -14. Let y(z) = -z**3 - 5*z**2 - z - 1. Let u be y(n). Give s(u).
-7
Suppose 17*t - 181 = -32*t - 34. Let f(p) be the first derivative of -1/3*p**t + p**2 - 2*p + 2. Determine f(3).
-5
Let y = -30663 - -30658. Let o(t) be the third derivative of -t**6/120 - t**5/10 - t**4/24 + t**3/2 + 3*t**2. Calculate o(y).
-17
Let a(i) = -127*i - 3139. Let k(x) = 42*x + 1132. Let g(b) = -4*a(b) - 11*k(b). Give g(-2).
12
Suppose -42*o + 554 = 26*o - 398. Let w(u) = -u**3 + 14*u**2 - 3*u - 13. Give w(o).
-55
Let k = -37639/4 + 9410. Let d(t) be the first derivative of -2*t + t**2 - 2/3*t**3 + 13 + k*t**4. What is d(3)?
13
Let r(c) = 2*c**2 - 6*c**2 + 8 - 7. Let g be 13/(-11) + 0/(-64) + 6/33. Give r(g).
-3
Let h(p) = p**3 - 73*p**2 + 209*p + 73. Let o be h(70). Let k be (-18)/(-2)*(-2)/(-6). Let b(w) = -w**2 + 2*w**2 - k*w - 4 + 6*w. Determine b(o).
14
Suppose 0 = 3*a - 5*j + 29, -8 = -10*a + 14*a + j. Let g(y) = y. Let z(n) = -n**2 + 2*n + 3. Let i(u) = a*g(u) - z(u). Calculate i(6).
3
Let y = -3117 - -3119. Let p(a) = 3*a**3 - 5*a**2 - a + 2. Calculate p(y).
4
Let i be 326 - 4*(1 + (2 - 4)). Let o = -324 + i. Let r(d) = -3*d - 1. What is r(o)?
-19
Let m(z) = -3*z. Suppose -17 + 48 + 35 = 33*j. Calculate m(j).
-6
Let t(o) be the second derivative of 0 + 10*o - 1/2*o**2 - 5/6*o**3. Let k(b) = 3*b. Let l(z) = -5*k(z) - 2*t(z). What is l(-2)?
12
Let n(m) = m**2 - 9*m. Suppose 0 = o + 3*p, 8*o = 4*o - 3*p. Suppose 21*g - 16*g - 50 = o. Determine n(g).
10
Suppose 2 - 7 = -5*v. Let x(l) = -l**2 - 1. Let m(c) = 21*c**2 + 2*c + 5. Let t(p) = v*m(p) + 4*x(p). Let s = -1223 + 1222. What is t(s)?
16
Suppose -12*t + 97 = -143. Suppose 128*z = 126*z - t. Let y(n) = -n**3 - 10*n**2 - 2*n - 5. Calculate y(z).
15
Let m(b) = 11*b + 159. Let d be m(0). Let j = -153 + d. Let t(k) = -k**3 + 6*k**2 + 2*k - 7. Calculate t(j).
5
Suppose -l - 2 = -x, 0 = 2*x - 4*x + 8. Suppose -h + 2 = t, -h + t - l = 2. Let u(w) = -200 - 4*w + 200. Calculate u(h).
4
Let y(t) = -6*t**3 + 6*t**2 - 16*t - 1. Let u(q) = q**3 - q**2 + 3*q. Let x(m) = -11*u(m) - 2*y(m). Let r = 36912 + -36912. Determine x(r).
2
Let j(v) be the third derivative of -v**5/60 - 7*v**4/24 + 20*v**3 - 18*v**2 - 10*v. Determine j(8).
0
Suppose 18*g - 14*g + 721 = -3*r, 0 = -4*g + 5*r - 761. Let h = -192 - g. Let o(c) = c**3 + 7*c**2 - 8*c + 11. Calculate o(h).
11
Let y(i) = 6 - 1 + 0*i**2 + 3*i - 4 + i**2. Let u = 22 + -19. Suppose -4 = -2*o - 2*p, 20 = -u*o + 5*p - 6. Calculate y(o).
-1
Let d(r) = r**2 + 4*r + 1. Suppose 14*g - 12*g - 22 = 0. Suppose -g*m - 35 = -16*m. Suppose 0 = -3*t + m*t + 12. Calculate d(t).
-2
Suppose -t - 88 = -2*p - 104, 0 = 2*t + 4*p. Let d(o) = -9*o**2 + 70*o + 2. What is d(t)?
-14
Let m(f) be the third derivative of -2*f**2 + 0 + 0*f + 1/24*f**4 + 5/3*f**3. Suppose 3*g + 3*r + 42 = 0, 3*g = 2*g - 3*r - 24. Determine m(g).
1
Let i(k) = 467*k + 26. Let u(r) = 124*r + 7. Let c(h) = 3*i(h) - 11*u(h). What is c(1)?
38
Let r(s) = s**3 - 6*s**2 - 17*s + 3. Suppose -71*g + 1384 = 102*g. Determine r(g).
-5
Let b(o) be the third derivative of -o**5/60 - 7*o**4/12 + 17*o**3/2 - 1474*o**2 + 2. Calculate b(-17).
0
Let k be (2*1)/((-50)/(-275)). Suppose -u - 3*f + k = -5*u, 2*u = -3*f + 17. Let r(i) = 2*i + 0 + 1 + 0*i - 14*i. Give r(u).
-11
Let p(z) = -26 - 8*z - 37 - 51 + 110. What is p(-1)?
4
Let w(s) = -s**2 + 15*s - 32. Let a(v) = -50*v + v**2 + 84*v - 49*v + 30. Let r(c) = 6*a(c) + 5*w(c). What is r(14)?
6
Let r be (-6)/(-21) + (-38)/(-14). Let a(w) = -4*w + 6*w + 62709 - 62706. Determine a(r).
9
Let x(p) = p**2 - 10*p - 10. Let i be x(11). Let w(d) be the first derivative of 10*d**3/3 + d + 32. Calculate w(i).
11
Let a(k) = k**2 + 9*k - 13. Let r(s) be the third derivative of -11*s**6/120 + s**5/60 - s**4/24 - 2*s**2 - 27. Let w be r(1). Determine a(w).
9
Let t be (-2)/5 + 7/(35/(-123)). Let x be (-5)/3*(t - -19). Let h(a) = a - 15. Calculate h(x).
-5
Let y = -142 - -144. Let k(u) = 19*u**2 - 22*u**y + 4*u**2 + 6*u. Give k(-7).
7
Let q(c) = -2*c**2 - 10*c. Let o(b) = b**2 - 7*b - 1049. Let y be o(-29). Give q(y).
0
Let n(k) = k**3 - 3*k**2 - 2*k + 4. Suppose -3*m + 5*v = 95 + 307, -2*m - 2*v - 252 = 0. Let f = 56 + m. Let c = f + 77. Calculate n(c).
12
Let s be (15/(-6))/5*0. Let j(m) = s*m - 7 - m + 3*m. Let f(d) = d**3 + 62*d**2 - 265*d - 71. Let o be f(-66). Give j(o).
-17
Let d(m) = 2*m**3 - 32*m**2 + 5*m + 9. Let x be (56/21 + -7)*3. Let t(l) = -l**3 + 15*l**2 - 2*l - 4. Let j(s) = x*t(s) - 6*d(s). Calculate j(4).
-2
Let d(q) be the first derivative of -q**4/24 + 2*q**3/3 - q**2/2 - 1. Let y(g) be the second derivative of d(g). Let l = -96307 + 96315. Determine y(l).
-4
Suppose 0*i + 2*i + 12 = -4*k, 0 = 4*i - k - 12. Suppose 0 = 4*o + l - 54 - 25, 42 = 2*o - 2*l. Let g(w) = -4 + o - 5*w + w**i - 9. What is g(6)?
13
Let o = 2 + 1. Let a(p) = -388*p - 400*p + 1166*p + 3 - 390*p. What is a(o)?
-33
Let u(s) = -10*s**2 + 21*s + s**3 - 20*s - 9 - 5. Let o = 317 - 307. Calculate u(o).
-4
Suppose 26*d + 1405 = 1327. Let c(g) = -g**3 - g**2 + 6*g - 2. What is c(d)?
-2
Suppose 4*v + 1 = 5. Let l(w) = 13*w**3 + w**2 - w + 1. Give l(v).
14
Let w(r) = 8*r - 13. Let c(f) = 15*f - 26. Let b(u) = -6*c(u) + 11*w(u). Let s = 187 - 176. Give b(s).
-9
Let z be (-3 - -1)*24/112*-7. Let u(w) = 2*w**2 + 3*w - 4. Give u(z).
23
Let f(z) be the first derivative of -z**4/4 + z**3/3 - z**2/2 - 7*z - 2. Suppose -13 - 13 = -103*v - 26. What is f(v)?
-7
Suppose -2*y - y + 4*u = -35, 2*y = 4*u + 30. Let z be (-21)/14*(-2 + (-8)/12). Suppose -1 = m - 5*v + 4, -z*m + 5 = y*v. Let f(n) = -n + 18. Determine f(m).
18
Let c be (4/2 + -4)*(-464)/32. Let p = -27 + c. Let r(k) = 13 + 2*k + k - p*k + 0*k. Calculate r(-9).
4
Suppose 0 = 47*z - 52*z - 975. Let v = 196 + z. Let x(l) = 23*l**2 - l. Calculate x(v).
22
Let q(d) = -d**3 + 22*d**2 - 22*d + 23. Suppose -2*k - 4*f = -38, 2*k + 13 - 57 = 2*f. Let h be q(k). Let x(l) = 2 - 2*l + h + 2 + 4. Calculate x(8).
-6
Let k(l) = 17*l + 43*l**3 - 127*l**3 - 11*l + 40*l**3 + 11 - 6*l**2 + 40*l**3. What is k(-3)?
47
Let w(u) = -u - 5*u + 3*u - 2. Suppose 0 = -4*c + 20, -365 = 2*z + 4*c - 395. Determine w(z).
-17
Let h(t) be the second derivative of -1/6*t**3 + 1/60*t**5 + 2*t**2 + 0 + 32*t - 1/8*t**4. Let u(w) be the first derivative of h(w). Calculate u(3).
-1
Let c(z) = -z**3 - 12*z**2 + 41*z + 182. Let r be c(-14). Let h(t) = 3*t - 110. Determine h(r).
-110
Let i be (-4)/(-1) - (-4 - -6)/2. Let b(l) be the first derivative of 5 + 3*l - 7/2*l**2. Give b(i).
-18
Let n(k) = -2*k**2 + 63*k + 194. Let u be n(-3). Let m(v) = -v**3 - 13*v**2 - v - 11. What is m(u)?
2
Let p(l) = -4*l + 68. Suppose -6*a + q - 56 + 147 = 0, -9 = a - 5*q. Determine p(a).
4
Let a(b) be the first derivative of -b**4/4 - 16*b**3/3 + b**2/2 + 20*b + 257. Suppose -12 = -3*p, -2*p = -3*x + 4*x + 8. Determine a(x).
4
Let m(f) = -81692*f - 50 + f**3 + 81692*f. Determine m(0).
-50
Let l(s) = s**2 + 8*s + 13. Let m(o) = -2*o**3 + 20*o**